{"id":2293,"date":"2017-07-20T19:21:50","date_gmt":"2017-07-20T17:21:50","guid":{"rendered":"http:\/\/noshamsters.be\/hamsteropedia\/?page_id=2293"},"modified":"2017-10-26T13:24:32","modified_gmt":"2017-10-26T11:24:32","slug":"eleveurs","status":"publish","type":"page","link":"http:\/\/noshamsters.be\/hamsteropedia\/?page_id=2293","title":{"rendered":"Eleveurs"},"content":{"rendered":"<p>Je vous recense ici les bons \u00e9leveurs amateurs de hamsters qui parlent Fran\u00e7ais. Ces \u00e9leveurs travaillent avec un projet d&rsquo;\u00e9levage (pour am\u00e9liorer l&rsquo;esp\u00e8ce donc et non au petit bonheur la chance), en s\u00e9lectionnant non seulement le type, mais \u00e9galement la sant\u00e9 et le caract\u00e8re. Leurs animaux sont adoptables partout via des covoiturages (<a href=\"https:\/\/hamstersclubfrancophone.jimdo.com\/eleveurs\/covoiturage\/\">cliquez pour en savoir plus<\/a>).<\/p>\n<h3>Mon propre \u00e9levage : Stardust Hamstery&nbsp;<\/h3>\n<p>J&rsquo;\u00e9l\u00e8ve du hamster syrien, et en alternance parfois du hamster russe (j&rsquo;ai \u00e9lev\u00e9 du campbell et un peu de roborovski dans le pass\u00e9, il n&rsquo;est pas impossible que j&rsquo;ai des b\u00e9b\u00e9s de toutes les esp\u00e8ces de temps en temps).<\/p>\n<p><strong>Site<\/strong> : <a href=\"http:\/\/noshamsters.be\/stardust\/\">http:\/\/noshamsters.be\/stardust\/<\/a><br \/>\n<strong>Facebook<\/strong> : <a href=\"https:\/\/www.facebook.com\/Stardust-Hamstery-141967202583760\/\">https:\/\/www.facebook.com\/Stardust-Hamstery-141967202583760\/<\/a><\/p>\n<h3>Hamsterious&nbsp;<\/h3>\n<p>M\u00e9lodie (qui fait<a href=\"https:\/\/www.youtube.com\/channel\/UCDxPXyG1z2i12JCzHZq3YyA\"> la chaine Youtube<\/a> avec moi) \u00e9l\u00e8ve du hamster syrien et de hamster de Campbell.<\/p>\n<p><strong>Site<\/strong> : <a href=\"https:\/\/www.hamsterious.com\/\">https:\/\/www.hamsterious.com\/<\/a><br \/>\n<strong>Facebook<\/strong> : <a href=\"https:\/\/www.facebook.com\/elevagehamsterious\/\">https:\/\/www.facebook.com\/elevagehamsterious\/<\/a><\/p>\n<h3>Le Terrier de Sheldon<\/h3>\n<p>Julie \u00e9l\u00e8ve du hamster syrien, principalement des angoras.<\/p>\n<p><strong>Site<\/strong> : <a href=\"http:\/\/leterrierdesheldon.wixsite.com\">http:\/\/leterrierdesheldon.wixsite.com<\/a><br \/>\n<strong>Facebook<\/strong> : <a href=\"https:\/\/www.facebook.com\/le.terrier.de.sheldon\/\">https:\/\/www.facebook.com\/le.terrier.de.sheldon\/<\/a><\/p>\n<h3>Dreamlight&nbsp;<\/h3>\n<p>Manon \u00e9l\u00e8ve du hamster russe.<\/p>\n<p><strong>Site<\/strong> :<a href=\"http:\/\/dreamlight.fr\/wp\/\"> http:\/\/dreamlight.fr\/wp\/<\/a><br \/>\n<strong>Facebook<\/strong> : <a href=\"https:\/\/www.facebook.com\/pg\/DreamLighthamster\/about\/\">https:\/\/www.facebook.com\/pg\/DreamLighthamster\/about\/<\/a><\/p>\n","protected":false},"excerpt":{"rendered":"<p>Je vous recense ici les bons \u00e9leveurs amateurs de hamsters qui parlent Fran\u00e7ais. Ces \u00e9leveurs travaillent avec un projet d&rsquo;\u00e9levage (pour am\u00e9liorer l&rsquo;esp\u00e8ce donc et non au petit bonheur la chance), en s\u00e9lectionnant non seulement le type, mais \u00e9galement la sant\u00e9 et le caract\u00e8re. Leurs animaux sont adoptables partout via\u2026<\/p>\n<p> <a class=\"continue-reading-link\" href=\"http:\/\/noshamsters.be\/hamsteropedia\/?page_id=2293\"><span>Lire la suite<\/span><i class=\"crycon-right-dir\"><\/i><\/a> <\/p>\n","protected":false},"author":1,"featured_media":2294,"parent":0,"menu_order":0,"comment_status":"closed","ping_status":"closed","template":"","meta":{"ngg_post_thumbnail":0},"_links":{"self":[{"href":"http:\/\/noshamsters.be\/hamsteropedia\/index.php?rest_route=\/wp\/v2\/pages\/2293"}],"collection":[{"href":"http:\/\/noshamsters.be\/hamsteropedia\/index.php?rest_route=\/wp\/v2\/pages"}],"about":[{"href":"http:\/\/noshamsters.be\/hamsteropedia\/index.php?rest_route=\/wp\/v2\/types\/page"}],"author":[{"embeddable":true,"href":"http:\/\/noshamsters.be\/hamsteropedia\/index.php?rest_route=\/wp\/v2\/users\/1"}],"replies":[{"embeddable":true,"href":"http:\/\/noshamsters.be\/hamsteropedia\/index.php?rest_route=%2Fwp%2Fv2%2Fcomments&post=2293"}],"version-history":[{"count":2,"href":"http:\/\/noshamsters.be\/hamsteropedia\/index.php?rest_route=\/wp\/v2\/pages\/2293\/revisions"}],"predecessor-version":[{"id":2507,"href":"http:\/\/noshamsters.be\/hamsteropedia\/index.php?rest_route=\/wp\/v2\/pages\/2293\/revisions\/2507"}],"wp:featuredmedia":[{"embeddable":true,"href":"http:\/\/noshamsters.be\/hamsteropedia\/index.php?rest_route=\/wp\/v2\/media\/2294"}],"wp:attachment":[{"href":"http:\/\/noshamsters.be\/hamsteropedia\/index.php?rest_route=%2Fwp%2Fv2%2Fmedia&parent=2293"}],"curies":[{"name":"wp","href":"https:\/\/api.w.org\/{rel}","templated":true}]}}